)*2?
4
Let j(b) = -467*b - 287. What is the hundreds digit of j(-16)?
1
Let j(y) = y**3 - 14*y**2 + 2*y - 25. Let q be j(14). Suppose 330 - 1473 = -3*k + q*g, 3*k - 1143 = -4*g. What is the hundreds digit of k?
3
What is the thousands digit of (855054/603)/(24/(-13) - -2)?
9
Suppose -3*i - n = -2*n + 1024, 0 = 3*i - 2*n + 1028. Let w = 759 - i. What is the hundreds digit of w?
0
Let v be (-9)/(-3) - (28 + 3). Let y = 46 - -62. Let s = y + v. What is the units digit of s?
0
Suppose -49143 - 103680 = -11*j - 38005. What is the tens digit of j?
3
Let i(d) = 841*d**3 - 3*d**2 + 7*d - 43. What is the tens digit of i(4)?
6
Let z(o) be the second derivative of 5*o**4/12 + o**3/3 - o**2 - 41*o. Let h be z(-5). Suppose -3*k + 434 = h. What is the units digit of k?
7
Suppose 0 = -5*y - 12*y + 138278. Suppose -5*o = r - 8143, -16*o - 2*r = -21*o + y. What is the tens digit of o?
2
Suppose 0 = u - 3*z - 3, -u + 3*z = -z - 3. Suppose 7*b = u*b + 264. Let h = -63 + b. What is the units digit of h?
3
Let q = -4156 - -8058. What is the tens digit of q?
0
Suppose 4*d + 4727 = g, 4*g + 5*d = 11878 + 6967. What is the tens digit of g?
1
Let u = -134 - -139. Suppose -8*h = -3*i - 10*h + 141, -u*h + 240 = 5*i. What is the units digit of i?
5
Let l = -32 + 42. Suppose -14*n = -l*n - 1468. What is the hundreds digit of n?
3
Let j be 10/(-8) - 125/(-100). Suppose 3*r - 1179 - 2364 = j. What is the thousands digit of r?
1
Let o(p) = 20*p**2 + 5*p - 80. What is the hundreds digit of o(31)?
2
Let z(f) = -2519*f**3 - 15*f - 27. What is the units digit of z(-2)?
5
Let n(d) = d**3 - 18*d**2 - 2*d + 41. Let m be n(18). Suppose s = m*s. Suppose s*t = -2*z - 4*t + 2, 0 = -3*z - 3*t + 6. What is the units digit of z?
3
Suppose 0 = 4*f + 3 + 9. Let y be 36*(f/(-12) + -1). What is the units digit of (96/(-18))/(2/y)?
2
Suppose 2*u + 2*l = -2*u + 3028, 3*u = -l + 2269. Suppose 5*m = 2*d - 5*d + 750, 5*m - u = -4*d. What is the units digit of m?
7
Let h = 1786 - 1075. Let t = -417 + h. What is the tens digit of t?
9
Let k be (29 + -31)*6/4*-3. Suppose k*x = 26 + 37. What is the units digit of x?
7
Suppose -303*i + 3009668 + 488340 + 799138 = 0. What is the hundreds digit of i?
1
Let t be 30/(-6) - (0 - (-3 - -2)). Let c(p) = -2*p**3 - 5*p**2 - 13*p - 24. What is the tens digit of c(t)?
0
Suppose 40 = 5*h + 2*d, 3*h + 6*d = d + 43. What is the tens digit of (h/(-5))/((-30)/14500)?
8
Suppose 139*u + 88*u = 69*u + 2730398. What is the units digit of u?
1
Suppose 15 = -5*s, -5*w + 14*s + 31520 = 24*s. What is the units digit of w?
0
Let u = -388 + 398. What is the units digit of (-13)/52 + 447/24*u?
6
Let p = -1588 + 8706. What is the hundreds digit of p?
1
What is the tens digit of 36351/18*112/49?
1
Let z be 402/(-78) + 5 + (-1103)/13. Let o = z + 65. What is the units digit of o/(2/10*-2)?
0
Suppose -71*s - 9*s = 37*s - 411489. What is the hundreds digit of s?
5
Suppose -3*h + 859 + 584 = 0. Let c(b) = -27*b + 677. Let t be c(25). Suppose -803 = -3*j - t*w, -5*j + h + 864 = 5*w. What is the tens digit of j?
6
Let v be ((-5)/(-3))/(3/9). Suppose 5*f = 4*b - 5*b + 7, -5*f - v*b - 5 = 0. Let x(s) = 21*s**2 - 2. What is the units digit of x(f)?
2
Let v = -30 - -35. Suppose v*b + 28 = 2*s, 9 = -3*b + 3*s - 6. What is the units digit of (-2315)/(-25) + b/(-15)?
3
Suppose 0 = 5*a + 283 + 137. Let r = -98 - a. What is the units digit of 2028/28 - (-6)/r?
2
Let a be (-117)/(-18) - (1 + (-6)/4). Suppose -3*l + a*l - 74 = -j, -5*l - 4*j = -98. Let k = 70 - l. What is the units digit of k?
2
Let w(g) = 109*g**3. Suppose 7*n = 21 - 0. Suppose -n*i + 5*y + 23 = 0, 2*i + 0*y - 2*y = 10. What is the tens digit of w(i)?
0
Let f be 4/14 + -4 + 121/(-7). Let r be (3/(-2))/(f/(-112)). Let w(m) = m**3 + 8*m**2 - 5*m - 1. What is the tens digit of w(r)?
3
Let v be 15/40 + 134/(-16). What is the tens digit of 4/v - 427/(-2)?
1
Suppose 16*q + 12 = 18*q. What is the thousands digit of (q/18)/((-1)/(-4143) + 0)?
1
Let x(c) = c + 8. Let z be x(9). Suppose -2*u + 5*j + z = -3*u, -2*u + 2*j = 94. What is the tens digit of 145/3 + (-28)/u?
4
Let d = 133 + -129. Let z be d*3/(-30) - (-28)/20. What is the units digit of (-3 + 4 + 78)*z?
9
Suppose -24*z + 20*z + 2*k = -24622, -2*z + 4*k = -12320. What is the tens digit of z?
5
Let q(m) = 142*m**2 - 3*m + 56. What is the tens digit of q(-7)?
3
Suppose 0 = 3*o + 72 - 18. Let l be ((-20)/6 - -2)/(12/o). What is the hundreds digit of (-2)/(-8) + l/(16/1022)?
1
Suppose -10604*s + 10635*s - 1325343 = 0. What is the hundreds digit of s?
7
Suppose -5*d + 51887 = 15*s - 14*s, -d - 3*s = -10369. What is the ten thousands digit of d?
1
Let t = -163 - 49. Let u = t + 83. Let i = u + 257. What is the units digit of i?
8
Suppose -19 = 2*h + 29. Let a = h + 74. What is the tens digit of (75/a)/(1/66)?
9
Let q(m) = 16 - 27 + 5 + 278*m. What is the units digit of q(3)?
8
Let c = -6 - -11. Suppose p = 5*p + 5*z - 20, -5*z + c = p. Suppose 0 = -p*m + 4*s - 6*s + 612, 0 = -3*m - 5*s + 352. What is the hundreds digit of m?
1
Suppose -42*s + 143483 = 11771. What is the tens digit of s?
3
Let d(s) = 2*s**2 - 3*s + 11. Let q be d(5). Let f = -38 + q. Suppose -f*l + 670 = 46. What is the units digit of l?
8
What is the thousands digit of ((-24612)/(-3))/(-7)*6/(-2)?
3
What is the tens digit of 13/4 + 10228960/640?
8
Let g be -1*4*(-4)/8. Suppose 6 = 3*o + 3*i - 0*i, 0 = -2*o - 4*i + g. Suppose 0 = -o*u + 15, -3*x - 19 = -4*x + u. What is the units digit of x?
4
Let j(r) = 2*r**2 - 16*r + 26. Let f(p) = -13*p + 9. Let z be f(12). Let l be -1 - (z/15 + (-2)/10). What is the tens digit of j(l)?
4
Suppose 2*k - 500 = -3*k - 4*p, -5*p + 505 = 5*k. Let a = k + -95. What is the units digit of -3 + (4 - -112) + a?
4
Suppose -64951*t - 899810 = -64968*t. What is the ten thousands digit of t?
5
Let z(d) = -d**3 - 18*d**2 - 24*d + 34. Let m be z(-13). Let g = m - -1644. What is the hundreds digit of g?
1
Let x = -3436 - -5985. What is the units digit of x?
9
What is the hundreds digit of (24/(-48))/(9/(-67140))?
7
What is the units digit of 29451/8 - (-615)/(-1640)?
1
Suppose -19 + 63 = n. Let g be 66/(-8) + 1 - (-11)/n. Let q(x) = -11*x - 38. What is the tens digit of q(g)?
3
Let a(q) = -3*q**3 + 12*q + 28. Let k(g) = g**2 + g + 1. Let r(o) = a(o) - 4*k(o). What is the hundreds digit of r(-5)?
2
Let w(m) = -m**3 - 26*m**2 + 29*m + 58. Let a be w(-27). Suppose -316 = -a*y + 140. What is the tens digit of y?
1
Let m be (30/(-7))/(2/(-154)). Let h = -225 + m. What is the units digit of h?
5
What is the units digit of -9*(-40)/(-144)*(57634/(-10) + -1)?
1
Let f(k) = 7*k + 33. Let v be f(-5). Let s(c) = -140*c + 82. What is the units digit of s(v)?
2
Suppose 31*l - 200489 = -56060. Let k = l - 3244. What is the thousands digit of k?
1
Suppose 13 + 14 = s + 5*k, 3*s - 26 = -4*k. Suppose 5*x = 4*n + 47, s*n = 3*x - 4*x + 15. What is the tens digit of 1003/x + (-16)/88?
9
Let i(p) = 46*p**2 + 10 - p**3 + 0*p - 5*p - 42*p**2. Let r be i(4). What is the tens digit of 3 - 135/r*12?
6
Let i = 988 - -3. Let o = i + -650. What is the hundreds digit of o?
3
Let c(y) = y**2 - 3*y. Let n be c(5). Let h be (-38)/(-3) + (-19)/(-57). Let s = h + n. What is the units digit of s?
3
Let u be (-8)/(-76) + (-507)/(-57). Suppose 2*n + u*n = 176. Suppose n*b - 12*b - 156 = 0. What is the units digit of b?
9
Suppose -111*k = -5*k - 21*k - 72165. What is the units digit of k?
9
Let d be (-4)/(1/2 + -1). Let z be (-2)/(-7) - ((-552)/(-21))/d. What is the tens digit of (31/z)/(3 + (-138)/45)?
5
Suppose -5*b + 6337 = 3*l, -3*b + l = b - 5073. Suppose -3*r + 938 = 5*a, 0*a = 4*r - 2*a - b. What is the tens digit of r?
1
Suppose n = 4*h + 171 - 2118, 0 = 3*n - h + 5885. Let d = n + 2926. What is the units digit of d?
3
Suppose -4*f - 19372 = -5*q, -2795 - 4930 = -2*q + 5*f. What is the thousands digit of q?
3
What is the thousands digit of 3 - ((3416/(-20))/(-7))/((-3)/450)?
3
Let r(a) = -2 + 11*a + 14*a + 10*a - 36*a. Let f be r(-1). What is the tens digit of (1 - f)*(232/16 + 5)?
3
Suppose 0 = -3295*t + 3324*t - 129746. What is the units digit of t?
4
Suppose -5*p - 18 = 22. Let r(g) = -g**3 - 4*g**2 - 19*g - 32. What is the hundreds digit of r(p)?
3
Let m = -4 + -9. Let y(b) = 2*b**3 + 26*b**2 + 4. What is the units digit o